- t = -5*m. Let s(g) = 1 + g**2 - 207*g + 426*g - m*g. What is s(-6)?
7
Let j = -102 - -277. Suppose 0 = -42*y - 22*y - 207 + 591. Let p(z) = z**3 + j*z**2 - 167*z**2 - 3*z - y + 4. Determine p(-8).
22
Let i(r) be the third derivative of 1/8*r**4 + 66*r**2 + 2/3*r**3 - 1/30*r**5 + 0 - 2*r. Suppose d - 1 = 2. Calculate i(d).
-5
Let f(n) be the second derivative of n**5/120 + 5*n**4/24 - 14*n**3/3 + 3*n. Let g(q) be the second derivative of f(q). Suppose 0 = -2*p - 2 - 6. What is g(p)?
1
Let a(d) = 182*d**3 - 3*d**2 - d + 2. Let z be a(1). Let l = -174 + z. Let w(g) = g**3 - 8*g**2 + 7*g - 3. What is w(l)?
-33
Let t = 693 + -691. Let s(x) = -4*x**2 - 11*x**2 + x + 2*x**3 + 6*x**t + 3*x**2. Give s(3).
3
Let o(i) be the third derivative of -11*i**6/720 + i**4/24 + 2*i**3/3 - 2*i**2 + 1. Let n(m) be the second derivative of o(m). Give n(2).
-22
Let p(h) be the third derivative of -h**6/60 + 17*h**5/60 + h**4/2 + h**3/3 + 1450*h**2. Calculate p(9).
29
Suppose -20 = 3*p + 100. Let a be 10/(-25) - p/(-25). Let m(n) = -4*n - 1 - 3 + 3 - 1 - 4*n**2. Calculate m(a).
-10
Let o(w) = 14*w + 23. Let r(i) = -53*i - 4930. Let k be r(-93). Give o(k).
9
Let g(z) be the second derivative of -z**5/20 + 13*z**4/12 + 9*z**3/2 + 18*z**2 - 7*z. What is g(15)?
-9
Let d(u) be the second derivative of -u**4/12 - 7*u**3/6 + u**2/2 - u. Suppose 678*j - 616*j + 372 = 0. Give d(j).
7
Let g(y) = 5*y**2 + 5*y + 207. Let i(k) = 7*k**2 + 4*k + 270. Let t(s) = 4*g(s) - 3*i(s). Determine t(-2).
-2
Let y(f) = -5*f**2 - 66*f - 3. Let p(m) = -11*m**2 - 142*m - 6. Let h(z) = 6*p(z) - 13*y(z). Give h(-3).
-24
Let k = -179 + 173. Let i be 26/13 + k + -1. Let v(z) be the second derivative of -z**5/20 - z**4/2 - z**3/2 + z**2/2 - z. Calculate v(i).
-9
Let s(l) be the second derivative of -l**5/20 + l**4/6 + l**3/2 - 3*l**2/2 - 30*l. Suppose 12 = 5*a - 3*y, -5*y + 8*y - 3 = 0. Determine s(a).
-3
Let h = -32 + 49. Suppose h = -5*z - 13. Let t(b) = -2*b**2 - 10*b - 6. Calculate t(z).
-18
Let f(j) = -27*j**2 - 2*j + 1. Suppose 3*y - 4*y - 5*w + 6 = 0, 5*y = w + 56. Suppose 0 = -2*q - 3*a + y, 5*q - 5*a = 4 - 14. Calculate f(q).
-28
Let d(k) = 2*k + 3. Let y be 250/(-7) - 94/329. Let g = y + 34. Give d(g).
-1
Let z(g) = -2*g**3 + 55*g**2 + 31*g - 74. Suppose -2*m + 535 = 479. Calculate z(m).
10
Let l(t) = -4*t + 5. Suppose 0 = -w + 4*o - 8, -2*w + o + o = -8. Let j be 248/42 + w/84. Calculate l(j).
-19
Let n(y) = y**3 - 12*y**2 - 28*y - 8. Suppose 5*i + 133*z = 136*z + 61, 3*i - 39 = z. Calculate n(i).
-8
Let h(g) = 6*g - 43. Suppose 0 = -5*v - 5*p + 10, -p = -4*v - 3*p + 16. Let b be h(v). Let z(i) = 20*i**2 - 19*i**2 - 4 - 9 + 6*i + 3. Calculate z(b).
-3
Suppose 0 = 1189*s - 1185*s + 4*h + 60, 10 = -2*s + 3*h. Let c(z) = z**3 + 12*z**2 + 10*z - 2. Determine c(s).
9
Let k(d) be the first derivative of -d**3 - 3*d**2/2 - d + 2. Let v = -92 + 87. Let q(a) = -20*a - 102. Let j be q(v). Give k(j).
-7
Let d(a) = -3*a**2 - 3*a + 6. Let t(x) = 2*x**2 - 3. Let f(b) = 3*d(b) + 4*t(b). What is f(-10)?
-4
Let c(o) = o**2 - 7*o + 1. Let a(t) be the second derivative of 5*t**4/3 + 11*t**3/6 - 90*t. Let w be a(-1). What is c(w)?
19
Let r(o) = -7*o - 3. Suppose -4*t = t - 2*t. Suppose t = 3*y - 14 + 2. Suppose -b = -4*a - y*b - 8, -3*a = -4*b + 6. Calculate r(a).
11
Suppose 0 = -14*m - 12*m - 156. Let w(i) = 12*i**2 + 6*i - 1. Let g(r) = -10*r**2 - 5*r. Let y(x) = m*w(x) - 7*g(x). Calculate y(-3).
-9
Let d(a) be the third derivative of 0 + 11/3*a**3 - a**2 - 52*a + 1/24*a**4. Calculate d(0).
22
Let j(g) = g - 2. Let m(n) = 7*n - 8. Let u(d) = -4*d + 4. Let r(h) = 3*m(h) + 5*u(h). Let b be r(6). Let l be (1/((-5)/50))/b. What is j(l)?
-7
Suppose 6*h = 11*h - a + 30, a = h + 2. Let p(q) = -q**3 - 6*q**2 + 9*q + 33. What is p(h)?
19
Let q(z) = z**2 - 17 - 12 + 52 - 13 + z - 12. Give q(2).
4
Let g(a) = a**3 + 12*a**2 + 11*a + 15. Suppose 10*v + 23 = -73 - 14. Determine g(v).
15
Let b(a) = -131*a + 86*a**2 - 46*a**2 - 38*a**2 - 14*a**2 + 3. Determine b(-11).
-8
Let t(d) = d**2 - 6*d - 1. Let c be (6/9)/(-8*17/(-2040)). Let b = -7 + 14. Suppose -39 - c = -b*r. Calculate t(r).
6
Let n(c) = -c**2 + c + 20. Suppose -h + 79 = 76. Suppose 0 = -5*l - 5*m - 5, -l + 15 = -h*m. Let t be (-10)/(-30) - 1/l. What is n(t)?
20
Let i(g) be the first derivative of 25*g**2/2 + 13*g + 427. Determine i(3).
88
Let y(l) = -7*l**3 - 27*l**2 + 4*l - 9. Let s(h) = -15*h**3 - 58*h**2 + 9*h - 17. Let o(c) = -6*s(c) + 13*y(c). Determine o(-3).
-9
Let k(r) be the first derivative of 5*r**2/2 - 2*r + 11. Let i be (-14)/49 - (-2)/7 - 20. Let g be 6/10 - -1 - i/50. What is k(g)?
8
Let q be 2/2 + (2 - -1). Let o(n) be the third derivative of 0 - 1/120*n**6 + 1/24*n**4 + 1/15*n**5 + 0*n - 1/3*n**3 + 4*n**2. Give o(q).
2
Let f(w) = w**2 - 3*w - 4. Let t(k) be the second derivative of -k**5/20 - 11*k**4/12 - 4*k**3/3 + 12*k**2 + 35*k. Let i be t(-10). Determine f(i).
0
Let f(j) = -2*j - 9. Let r = 2626 + -2637. Determine f(r).
13
Let a(d) = -135*d + 5 + 182 + 158*d. Determine a(-8).
3
Let n be -4 + (9 - (9 + -2)). Let m(h) = h**3 + 2*h - 3. Let b(r) = -2*r**3 - r**2 - 3*r + 4. Let d(c) = 2*b(c) + 3*m(c). Calculate d(n).
-1
Let l(q) be the third derivative of q**5/60 - q**4/24 + q**3/6 - q**2. Let u(d) = -4*d**2 + 52*d - 18. Let p be u(12). Suppose -14*g - p = g. Calculate l(g).
7
Let o be 6 - 2*63/(-18). Let n(l) = l - 10. Determine n(o).
3
Let t(c) be the first derivative of 0*c - 2/3*c**3 - 36 + 1/2*c**2. Let h be 6/(-2) - (-23 + 19). Determine t(h).
-1
Let q(a) = -44*a**3 - 2*a + 4 - 2*a**2 + 79*a**3 - 34*a**3. Let f(y) = y**3 - y**2 - 4*y. Let z be f(3). Suppose 0 = -3*j + 3 + z. What is q(j)?
7
Let r(p) = -p**3 - 15*p**2 - 19*p - 69. Suppose 0 = -2*t + 650 - 678. Give r(t).
1
Let m(k) = 376*k - 386*k - 5 + 9 - 2 + k**2 + 8. Suppose -2*d = 3*d. Suppose 0 = -d*o - 2*o + 16. Determine m(o).
-6
Let o = 42 + -38. Let b(j) = -23*j - 16. Let i(l) = -51*l - 35. Let d(w) = 13*b(w) - 6*i(w). Determine d(o).
30
Let h(v) = -122*v - 3*v**2 - 8 - 115*v + 277*v - 2. Determine h(13).
3
Suppose -22*b + 24*b = 36. Let t = 23 - b. Let s(o) = o**3 - 49*o - t + 28*o + 24*o - 4*o**2. Give s(4).
7
Let b(s) = 12*s + 4 + s**2 - 5*s - 12*s + 7. Determine b(4).
7
Let v(g) be the first derivative of -g**4/4 - 5*g**3/3 - 3*g**2/2 + 4*g - 1. Let l be 2*(-6 + (-50)/(-12)) + 4/6. Calculate v(l).
-5
Let c(g) = -g**2 - 66*g - 1073. Let k be c(-30). Let p(n) = -2*n**2 + 12*n - 2. Determine p(k).
-16
Let d(x) = -x**2 + 12*x + 14. Let p(z) = -z**3 - 10*z**2 + 26*z + 37. Let t(k) = k**3 + 10*k**2 + 23*k + 2. Let l be t(-7). Let i be p(l). What is d(i)?
1
Let j(f) = -4*f + 42. Let t be j(19). Let r be t/(-6) + 28/(-42). Let z(p) = r - 16 + p + 5. Calculate z(7).
1
Let h be (-92)/9 - (-21)/((-378)/(-4)). Let k(f) = -f**3 - 11*f**2 - 21*f - 139. Calculate k(h).
-29
Suppose 3*f = c + 7*f + 19, -5*f = -2*c + 14. Let h(m) = 4*m + 101. Let p be h(-23). Let x = c - p. Let t(o) = o**3 + 11*o**2 - 12*o - 5. What is t(x)?
-5
Let m(i) be the second derivative of -10*i + 0 + 1/6*i**3 - i**2. Let l be (17 - 13) + (0 - -1). Calculate m(l).
3
Let r(p) be the second derivative of -5/6*p**3 + 16*p + 0 + 1/12*p**4 - 5/2*p**2. Suppose 0 = 5*k - k - 16. Give r(k).
-9
Let f be (1 + (4 - 1 - 4))/(-1). Suppose 8*v - 133 = v. Let l(i) = v*i - 18 - 20*i + i**2 + 5. What is l(f)?
-13
Let o(z) be the third derivative of -13*z**6/120 + z**5/60 + z**2. Suppose 123*t - 18 = -141. Give o(t).
14
Let g(o) be the first derivative of o**3/3 + 2*o**2 - 19*o + 1050. Give g(5).
26
Let q be 2/7 - 1344/(-98). Suppose 0*i = 2*i - q. Let j(a) = -13 - a**3 - 8 + i. What is j(0)?
-14
Suppose n + 5*i + 303 = 5*n, 3*i = -5*n + 425. Let v(d) = -d**2 + 93*d + 2*d**2 - 13 - n*d. What is v(-12)?
-1
Let t(h) be the second derivative of -h**4/12 - 2*h**3/3 + 9*h**2/2 - 31*h. Let g(u) = -3*u**2 + 36*u - 5. Let d be g(12). What is t(d)?
4
Let a be 1/(-2 + 1)*2. Let b(y) = 27*y**2 + 43*y + 4. Let v(l) = -2*l**2 - 3*l. Let u(w) = -b(w) - 13*v(w). What is u(a)?
0
Let c(v) = -42*v**3 + 141*v**2 + 31*v + 29. Let z(u) = 23*u**3 - 76*u**2 - 16*u - 15. Let q(f) = 6*c(f) + 11*z(f). Calculate q(-9).
0
Let d(y) = -y**2. Let a be (3/6)/((-1)/(-102)). Let t(j) = -j**3 - 3*j**2 + 11*j + 9. Let i be t(-6). Let n = i - a. Determine d(n).
0
Let 